{"id":13,"date":"2013-05-29T22:23:53","date_gmt":"2013-05-29T20:23:53","guid":{"rendered":"https:\/\/passauer-oberland.de\/_wp\/?page_id=13"},"modified":"2024-04-10T11:58:27","modified_gmt":"2024-04-10T09:58:27","slug":"impressum","status":"publish","type":"page","link":"https:\/\/passauer-oberland.de\/?page_id=13","title":{"rendered":"Impressum"},"content":{"rendered":"<h2>Herausgeber:<\/h2>\n<p>Verein ILE Passauer Oberland e.V.<br \/>\nVilshofener Stra\u00dfe 9<br \/>\n94538 F\u00fcrstenstein<\/p>\n<p>Telefon (08504) 9155-20<br \/>\nE-Mail info@passauer-oberland.de<\/p>\n<h4>Vertreten durch\/Inhaltlich verantwortlich gem\u00e4\u00df \u00a7 55 Absatz 2 MDSTV:<\/h4>\n<p>Vorsitzende und Erste B\u00fcrgermeister Stephan Gawlik (Gemeinde F\u00fcrstenstein), Josef Hasen\u00f6hrl (Gemeinde B\u00fcchlberg)<br \/>\nNamentlich gekennzeichnete Internetseiten geben die Auffassungen und Erkenntnisse der genannten Personen wieder.<\/p>\n<h4>Angaben zum Verein:<\/h4>\n<p>USt-ID: DE130964701<\/p>\n<h4>Aufsichtsbeh\u00f6rde:<\/h4>\n<p>Landratsamt Passau, Domplatz 11, 94032 Passau<\/p>\n<h4>Angaben zur Berufshaftpflichtversicherung<\/h4>\n<p>Name und Sitz des Versicherers:<br \/>\nVersicherungskammer Bayern<br \/>\nVersicherungsanstalt des \u00f6ffentlichen Rechts<br \/>\nMaximilianstra\u00dfe 53, 80530 M\u00fcnchen<br \/>\nTel.: (089) 21 60-0<br \/>\nE-Mail: service@vkb.de<\/p>\n<p>Geltungsraum der Versicherung: Weltweit au\u00dfer USA\/Kanada<\/p>\n<h4>Streitschlichtung<\/h4>\n<p>Die Europ\u00e4ische Kommission stellt eine Plattform zur Online-Streitbeilegung (OS) bereit: <a href=\"https:\/\/ec.europa.eu\/consumers\/odr\" target=\"_blank\" rel=\"noopener\">https:\/\/ec.europa.eu\/consumers\/odr<\/a>.<br \/>\nUnsere E-Mail-Adresse finden Sie oben im Impressum.<\/p>\n<p>Wir sind nicht bereit oder verpflichtet, an Streitbeilegungsverfahren vor einer Verbraucherschlichtungsstelle teilzunehmen.<\/p>\n<h4>Verantwortlich f\u00fcr den Inhalt<\/h4>\n<p class=\"tiny_p\">Verantwortlich f\u00fcr den Inhalt dieser Seite ist der Verein Passauer Oberland e.V. Dieser wird vertreten durch die beiden Vorsitzenden und Ersten B\u00fcrgermeister Stephan Gawlik (Gemeinde F\u00fcrstenstein) und Josef Hasen\u00f6hrl (Gemeinde B\u00fcchlberg).<br \/>\nNamentlich gekennzeichnete Internetseiten geben die Auffassungen und Erkenntnisse der genannten Personen wieder.<\/p>\n<h4>Nutzungsbedingungen<\/h4>\n<p class=\"tiny_p\">Texte, Texte, Bilder, Grafiken sowie die Gestaltung dieser Internetseiten k\u00f6nnen dem Urheberrecht unterliegen.<br \/>\nNicht urheberrechtlich gesch\u00fctzt sind nach \u00a7\u00a05 des Urheberrechtsgesetzes (UrhG)<\/p>\n<ul>\n<li>Gesetze, Verordnungen, amtliche Erlasse und Bekanntmachungen sowie Entscheidungen und amtlich verfasste Leits\u00e4tze zu Entscheidungen und<\/li>\n<li>\u00a0andere amtliche Werke, die im amtlichen Interesse zur allgemeinen Kenntnisnahme ver\u00f6ffentlicht worden sind, mit der Einschr\u00e4nkung, dass die Bestimmungen \u00fcber \u00c4nderungsverbot und Quellenangabe in \u00a7 62 Abs. 1 bis 3 und \u00a7 63 Abs. 1 und 2 UrhG entsprechend anzuwenden sind.<\/li>\n<\/ul>\n<p class=\"tiny_p\">Als Privatperson d\u00fcrfen Sie urheberrechtlich gesch\u00fctztes Material zum privaten und sonstigen eigenen Gebrauch im Rahmen des \u00a7\u00a053 UrhG verwenden. Eine Vervielf\u00e4ltigung oder Verwendung urheberrechtlich gesch\u00fctzten Materials dieser Seiten oder Teilen davon in anderen elektronischen oder gedruckten Publikationen und deren Ver\u00f6ffentlichung ist nur mit unserer Einwilligung gestattet. Diese Einwilligung erteilen auf Anfrage die f\u00fcr den Inhalt Verantwortlichen. Der Nachdruck und die Auswertung von Pressemitteilungen und Reden sind mit Quellenangabe allgemein gestattet.<\/p>\n<p class=\"tiny_p\">Weiterhin k\u00f6nnen Texte, Bilder, Grafiken und sonstige Dateien ganz oder teilweise dem Urheberrecht Dritter unterliegen. Auch \u00fcber das Bestehen m\u00f6glicher Rechte Dritter geben Ihnen die f\u00fcr den Inhalt Verantwortlichen n\u00e4here Ausk\u00fcnfte.<\/p>\n<h4>Copyright f\u00fcr die verwendeten Bilder und Grafiken<\/h4>\n<p class=\"tiny_p\">Einige Bilder und Grafiken wurden bei sog. Stockfotoportalen (z.B. pixabay, fotolia, etc.) erworben und f\u00fcr die Verwendung lizensiert! Wir haben h\u00f6chsten Respekt vor der k\u00fcnstlerischen Arbeit der Fotografen bzw. Grafiker. Daher bem\u00fchen wir uns, die K\u00fcnstler namentlich zu nennen. Falls uns ein Fehler unterlaufen ist und wir einen Fotografen nicht genannt haben, bitten wir um einen Hinweis darauf.<\/p>\n<h4>Haftungsausschluss<\/h4>\n<p class=\"tiny_p\">Alle auf dieser Internetseite bereitgestellten Informationen haben wir nach bestem Wissen und Gewissen erarbeitet und gepr\u00fcft. Eine Gew\u00e4hr f\u00fcr die jederzeitige Aktualit\u00e4t, Richtigkeit, Vollst\u00e4ndigkeit und Verf\u00fcgbarkeit der bereit gestellten Informationen k\u00f6nnen wir allerdings nicht \u00fcbernehmen. Ein Vertragsverh\u00e4ltnis mit den Nutzern \/ der Nutzerin des Internetangebots kommt nicht zustande.<br \/>\nWir haften nicht f\u00fcr Sch\u00e4den, die durch die Nutzung dieses Internetangebots entstehen. Dieser Haftungsausschluss gilt nicht, soweit die Vorschriften des \u00a7\u00a0839 BGB (Haftung bei Amtspflichtverletzung) einschl\u00e4gig sind. F\u00fcr etwaige Sch\u00e4den, die beim Aufrufen oder Herunterladen von Daten durch Schadsoftware oder der Installation oder Nutzung von Software verursacht werden, \u00fcbernehmen wir keine Haftung.<br \/>\nFalls im Einzelfall erforderlich: Der Haftungsausschluss gilt nicht f\u00fcr Informationen, die in den Anwendungsbereich der Europ\u00e4ischen Dienstleistungsrichtlinie (Richtlinie 2006\/123\/EG \u2013 DLRL) fallen. F\u00fcr diese Informationen wird die Richtigkeit und Aktualit\u00e4t gew\u00e4hrleistet.<\/p>\n<h4>Links<\/h4>\n<p class=\"tiny_p\">Von unseren eigenen Inhalten sind Querverweise (\u201eLinks\u201c) auf die Webseiten anderer Anbieter zu unterscheiden. Durch diese Links erm\u00f6glichen wir lediglich den Zugang zur Nutzung fremder Inhalte nach \u00a7\u00a08 Telemediengesetz. Bei der erstmaligen Verkn\u00fcpfung mit diesen Internetangeboten haben wir diese fremden Inhalte daraufhin \u00fcberpr\u00fcft, ob durch sie eine m\u00f6gliche zivilrechtliche oder strafrechtliche Verantwortlichkeit ausgel\u00f6st wird. Wir k\u00f6nnen diese fremden Inhalte aber nicht st\u00e4ndig auf Ver\u00e4nderungen \u00fcberpr\u00fcfen und daher auch keine Verantwortung daf\u00fcr \u00fcbernehmen. F\u00fcr illegale, fehlerhafte oder unvollst\u00e4ndige Inhalte und insbesondere f\u00fcr Sch\u00e4den, die aus der Nutzung oder Nichtnutzung von Informationen Dritter entstehen, haftet allein der jeweilige Anbieter der Seite.<\/p>\n<p><strong>Gef\u00f6rdert mit Mitteln des Bayerischen Staatsministeriums f\u00fcr Ern\u00e4hrung, Landwirtschaft, Forsten und Tourismus.\u00a0<\/strong><\/p>\n<p><a href=\"https:\/\/passauer-oberland.de\/wp-content\/uploads\/2024\/04\/Foerderung_StMELF_Unterstuetzung_Pfade.jpg\"><img loading=\"lazy\" decoding=\"async\" class=\"alignnone size-medium wp-image-4075\" src=\"https:\/\/passauer-oberland.de\/wp-content\/uploads\/2024\/04\/Foerderung_StMELF_Unterstuetzung_Pfade-300x74.jpg\" alt=\"\" width=\"300\" height=\"74\" \/><\/a><\/p>","protected":false},"excerpt":{"rendered":"<p>Herausgeber: Verein ILE Passauer Oberland e.V. Vilshofener Stra\u00dfe 9 94538 F\u00fcrstenstein Telefon (08504) 9155-20 E-Mail info@passauer-oberland.de Vertreten durch\/Inhaltlich verantwortlich gem\u00e4\u00df \u00a7 55 Absatz 2 MDSTV: Vorsitzende und Erste B\u00fcrgermeister Stephan Gawlik (Gemeinde F\u00fcrstenstein), Josef Hasen\u00f6hrl (Gemeinde B\u00fcchlberg) Namentlich gekennzeichnete Internetseiten [&hellip;]<\/p>\n","protected":false},"author":11,"featured_media":0,"parent":0,"menu_order":0,"comment_status":"closed","ping_status":"closed","template":"","meta":{"footnotes":""},"class_list":["post-13","page","type-page","status-publish","hentry"],"_links":{"self":[{"href":"https:\/\/passauer-oberland.de\/index.php?rest_route=\/wp\/v2\/pages\/13","targetHints":{"allow":["GET"]}}],"collection":[{"href":"https:\/\/passauer-oberland.de\/index.php?rest_route=\/wp\/v2\/pages"}],"about":[{"href":"https:\/\/passauer-oberland.de\/index.php?rest_route=\/wp\/v2\/types\/page"}],"author":[{"embeddable":true,"href":"https:\/\/passauer-oberland.de\/index.php?rest_route=\/wp\/v2\/users\/11"}],"replies":[{"embeddable":true,"href":"https:\/\/passauer-oberland.de\/index.php?rest_route=%2Fwp%2Fv2%2Fcomments&post=13"}],"version-history":[{"count":24,"href":"https:\/\/passauer-oberland.de\/index.php?rest_route=\/wp\/v2\/pages\/13\/revisions"}],"predecessor-version":[{"id":4076,"href":"https:\/\/passauer-oberland.de\/index.php?rest_route=\/wp\/v2\/pages\/13\/revisions\/4076"}],"wp:attachment":[{"href":"https:\/\/passauer-oberland.de\/index.php?rest_route=%2Fwp%2Fv2%2Fmedia&parent=13"}],"curies":[{"name":"wp","href":"https:\/\/api.w.org\/{rel}","templated":true}]}}