{"id":219,"date":"2013-08-07T19:42:10","date_gmt":"2013-08-07T17:42:10","guid":{"rendered":"https:\/\/passauer-oberland.de\/_wp\/?page_id=219"},"modified":"2024-05-27T12:10:35","modified_gmt":"2024-05-27T10:10:35","slug":"verwaltungskooperation","status":"publish","type":"page","link":"https:\/\/passauer-oberland.de\/?page_id=219","title":{"rendered":"Verwaltungskooperation &#038; Digitalisierung"},"content":{"rendered":"<div class=\"wpb-content-wrapper\"><p>[vc_row][vc_column][vc_single_image image=&#8220;4191&#8243; img_size=&#8220;full&#8220; alignment=&#8220;center&#8220; onclick=&#8220;link_image&#8220;][\/vc_column][\/vc_row][vc_row][vc_column][vc_column_text]<\/p>\n<h1><strong>Erfahrungsaustausch bringt Mehrwert<\/strong><\/h1>\n<p>Die Kommunen stehen vor vielf\u00e4ltigen Aufgaben und Herausforderungen, die zunehmend innovative L\u00f6sungsans\u00e4tze erfordern. In diesem Kontext erweist sich die interkommunale Zusammenarbeit in zahlreichen Bereichen als geeignete M\u00f6glichkeit, die Wirtschaftlichkeit und Qualit\u00e4t von Gemeinden zu steigern.<\/p>\n<p><strong>Gesellschaftliche Ver\u00e4nderungen<\/strong><\/p>\n<p>Die Einfl\u00fcsse der gesellschaftlichen Ver\u00e4nderungen wirken direkt auf die Kommunen. So k\u00f6nnen bestehende Infrastruktureinrichtungen wie Kinderg\u00e4rten, Schulen oder B\u00e4der aufgrund sinkender Bev\u00f6lkerungszahlen oft nicht mehr ausgelastet werden. Parallel dazu gewinnt die \u00f6ffentliche Daseinsvorsorge in den l\u00e4ndlichen Regionen immer mehr an Bedeutung.<\/p>\n<p><strong>Gemeinsam Aufgaben l\u00f6sen<\/strong><\/p>\n<p>Immer mehr Kommunen entscheiden sich, Aufgaben gemeinsam wahrzunehmen und Vorteile aus sich ergebenden Synergien zu erzielen. Denn sie haben alle die gleichen oder \u00e4hnliche Herausforderungen in vielen Bereichen wie etwa B\u00fcrgerservice, Digitalisierung und Breitbandausbau oder die zeitgem\u00e4\u00dfe Ansprache unterschiedlicher Zielgruppen.<\/p>\n<p><strong>Beispiele bisheriger Ma\u00dfnahmen im Handlungsfeld:<\/strong><\/p>\n<ul>\n<li>Regelm\u00e4\u00dfiger Fachaustausch zwischen den Gesch\u00e4ftsleitern der ILE-Gemeinden<\/li>\n<li>Organisation von gemeinsamen Fachseminaren zur Weiterbildung der Verwaltungs- und\/oder Bauhofmitarbeiter<\/li>\n<li>Teilnahme an kommunalen Wettbewerben, u.a. Smarte Gemeinde -&gt; Pilotgemeinde Tiefenbach<\/li>\n<li>Organisation gemeinsamer Eink\u00e4ufe\/Beschaffung, z.B. Maschinenpool wird von mehreren Gemeinden genutzt<\/li>\n<li>Organisation von Fachexkursionen f\u00fcr B\u00fcrgermeister und Gesch\u00e4ftsleiter -&gt; Besichtigung sog. \u201eBest-Practice-Beispiele\u201c<\/li>\n<\/ul>\n<p>[\/vc_column_text][\/vc_column][\/vc_row]<\/p><\/div>","protected":false},"excerpt":{"rendered":"<p>[vc_row][vc_column][vc_single_image image=&#8220;4191&#8243; img_size=&#8220;full&#8220; alignment=&#8220;center&#8220; onclick=&#8220;link_image&#8220;][\/vc_column][\/vc_row][vc_row][vc_column][vc_column_text] Erfahrungsaustausch bringt Mehrwert Die Kommunen stehen vor vielf\u00e4ltigen Aufgaben und Herausforderungen, die zunehmend innovative L\u00f6sungsans\u00e4tze erfordern. In diesem Kontext erweist sich die interkommunale Zusammenarbeit in zahlreichen Bereichen als geeignete M\u00f6glichkeit, die Wirtschaftlichkeit und Qualit\u00e4t von [&hellip;]<\/p>\n","protected":false},"author":11,"featured_media":3888,"parent":0,"menu_order":0,"comment_status":"closed","ping_status":"closed","template":"page_r.php","meta":{"footnotes":""},"class_list":["post-219","page","type-page","status-publish","has-post-thumbnail","hentry"],"_links":{"self":[{"href":"https:\/\/passauer-oberland.de\/index.php?rest_route=\/wp\/v2\/pages\/219","targetHints":{"allow":["GET"]}}],"collection":[{"href":"https:\/\/passauer-oberland.de\/index.php?rest_route=\/wp\/v2\/pages"}],"about":[{"href":"https:\/\/passauer-oberland.de\/index.php?rest_route=\/wp\/v2\/types\/page"}],"author":[{"embeddable":true,"href":"https:\/\/passauer-oberland.de\/index.php?rest_route=\/wp\/v2\/users\/11"}],"replies":[{"embeddable":true,"href":"https:\/\/passauer-oberland.de\/index.php?rest_route=%2Fwp%2Fv2%2Fcomments&post=219"}],"version-history":[{"count":17,"href":"https:\/\/passauer-oberland.de\/index.php?rest_route=\/wp\/v2\/pages\/219\/revisions"}],"predecessor-version":[{"id":4192,"href":"https:\/\/passauer-oberland.de\/index.php?rest_route=\/wp\/v2\/pages\/219\/revisions\/4192"}],"wp:featuredmedia":[{"embeddable":true,"href":"https:\/\/passauer-oberland.de\/index.php?rest_route=\/wp\/v2\/media\/3888"}],"wp:attachment":[{"href":"https:\/\/passauer-oberland.de\/index.php?rest_route=%2Fwp%2Fv2%2Fmedia&parent=219"}],"curies":[{"name":"wp","href":"https:\/\/api.w.org\/{rel}","templated":true}]}}