{"id":72,"date":"2013-06-24T08:21:08","date_gmt":"2013-06-24T06:21:08","guid":{"rendered":"https:\/\/passauer-oberland.de\/_wp\/?page_id=72"},"modified":"2024-07-01T15:11:18","modified_gmt":"2024-07-01T13:11:18","slug":"aicha-vorm-wald","status":"publish","type":"page","link":"https:\/\/passauer-oberland.de\/?page_id=72","title":{"rendered":"Aicha vorm Wald"},"content":{"rendered":"<div class=\"wpb-content-wrapper\"><p>[vc_row][vc_column][vc_single_image image=&#8220;4225&#8243; img_size=&#8220;full&#8220; alignment=&#8220;center&#8220; onclick=&#8220;link_image&#8220;][vc_custom_heading text=&#8220;Gemeinde Aicha vorm Wald&#8220; font_container=&#8220;tag:h1|text_align:center|color:%23509e2c&#8220; use_theme_fonts=&#8220;yes&#8220;][vc_empty_space][\/vc_column][\/vc_row][vc_row][vc_column width=&#8220;1\/6&#8243;][\/vc_column][vc_column width=&#8220;2\/3&#8243;][vc_column_text]<strong>Gemeinde Aicha vorm Wald<\/strong><\/p>\n<ul>\n<li>Gemeindegebiet: 20,33 km\u00b2<\/li>\n<li>Streusiedlungsgemeinde mit 32 Ortsteilen<\/li>\n<li>Einwohner: 2450<\/li>\n<\/ul>\n<p>Lage:<\/p>\n<p>Die Gemeinde Aicha vorm Wald (350 m) im Tal der Ohe liegt auf den Ausl\u00e4ufern des Bayerischen Waldes. Landschaftspr\u00e4gend sind die Fl\u00fcsse Ohe und Gai\u00dfa sowie der angrenzende Ebersberg (650 m) im S\u00fcden und das Dreiburgenland im Norden. Passau ist 24 Kilometer entfernt.<\/p>\n<p>Entwicklung:<\/p>\n<p>Erste urkundliche Erw\u00e4hnung um die Mitte des 10. Jahrhunderts. Die fr\u00fche Entwicklung der einstigen Hofmark dokumentieren das Wasserschloss (Privatbesitz), die Pfarrkirche St. Peter und Paul aus dem fr\u00fchen 18. Jahrhundert und historische B\u00fcrgerh\u00e4user. Seit der Fertigstellung der A 3 Ende der 1970er-Jahre wandelte sich die rein l\u00e4ndlich gepr\u00e4gte Gemeinde zu einem attraktiven Standort des Wohnens und Arbeitens. Aicha vorm Wald nutzt das Potenzial der Lage und pflegt die Vorz\u00fcge des l\u00e4ndlichen Raums.<\/p>\n<p>Charakteristik:<\/p>\n<ul>\n<li>L\u00e4ndlich gepr\u00e4gte Wohngemeinde mit familienorientierter Infrastruktur<\/li>\n<li>Aufstrebender Wirtschaftsstandort<\/li>\n<\/ul>\n<p>Verkehrsanbindung:<\/p>\n<ul>\n<li>A 3, Ausfahrt Aicha vorm Wald<\/li>\n<\/ul>\n<p>Wirtschaft:<\/p>\n<ul>\n<li>1100 sozialversicherungspflichtige Arbeitspl\u00e4tze in Handwerk, Handel, Gewerbe und Dienstleistung<\/li>\n<\/ul>\n<p>&nbsp;<\/p>\n<p>Bildung:<\/p>\n<ul>\n<li>Kindergarten St. Peter und Paul<\/li>\n<li>Grundschule Aicha vorm Wald<\/li>\n<li><a href=\"https:\/\/www.aichavormwald.de\/musikschule\">Zweigstelle der Kreismusikschule<\/a> Passau<\/li>\n<\/ul>\n<p>&nbsp;<\/p>\n<p>Freizeit:<\/p>\n<ul>\n<li><strong>Natur:<\/strong> Flusslandschaften der Ohe und Gai\u00dfa, \u201eGf\u00f6hret\u201c (geschlossener Eichenbestand)<\/li>\n<li><strong>Sport <\/strong> a.: Wandern, Radfahren, Wassersport (Ohe-Bootsfahrten, Angeln), Tennis, div. Sportvereine<\/li>\n<li><strong>Kultur:<\/strong> \u201eMarkl-Haus\u201c mit kleinem Heimatmuseum, Kirche St. Peter und Paul<\/li>\n<li><strong>Erlebnis: <\/strong>Westernstadt Pullman City (Eging a.See), Gro\u00df-Diskothek Vulcano<\/li>\n<\/ul>\n<p>[\/vc_column_text][\/vc_column][vc_column width=&#8220;1\/6&#8243;][\/vc_column][\/vc_row][vc_row][vc_column][vc_separator border_width=&#8220;2&#8243;][vc_icon icon_fontawesome=&#8220;fas fa-user-edit&#8220; color=&#8220;green&#8220; size=&#8220;lg&#8220; align=&#8220;center&#8220;][vc_column_text]<\/p>\n<h2 style=\"text-align: center;\"><strong>Kontaktadresse<\/strong><\/h2>\n<p>[\/vc_column_text][\/vc_column][\/vc_row][vc_row][vc_column width=&#8220;2\/6&#8243;][\/vc_column][vc_column width=&#8220;2\/6&#8243;][vc_column_text]<\/p>\n<p style=\"text-align: center;\">Gemeinde Aicha vorm Wald<strong><br \/>\n<\/strong>Hofmarkstra\u00dfe 5<br \/>\n94529 Aicha vorm Wald<br \/>\nTel. 08544\/9630-0<br \/>\nFax 08544\/9630-20<strong><br \/>\n<\/strong>E-Mail: <a href=\"mailto:info@aichavormwald.de\">info@aichavormwald.de<\/a><strong><br \/>\n<\/strong>www.aichavormwald.de<strong><br \/>\n<\/strong><\/p>\n<p>[\/vc_column_text][\/vc_column][vc_column width=&#8220;2\/6&#8243;][\/vc_column][\/vc_row][vc_row][vc_column][vc_column_text]<\/p>\n<p>&nbsp;<\/p>\n<p>&nbsp;<\/p>\n<p>&nbsp;<\/p>\n<p>[\/vc_column_text][\/vc_column][\/vc_row]<\/p><\/div>","protected":false},"excerpt":{"rendered":"<p>[vc_row][vc_column][vc_single_image image=&#8220;4225&#8243; img_size=&#8220;full&#8220; alignment=&#8220;center&#8220; onclick=&#8220;link_image&#8220;][vc_custom_heading text=&#8220;Gemeinde Aicha vorm Wald&#8220; font_container=&#8220;tag:h1|text_align:center|color:%23509e2c&#8220; use_theme_fonts=&#8220;yes&#8220;][vc_empty_space][\/vc_column][\/vc_row][vc_row][vc_column width=&#8220;1\/6&#8243;][\/vc_column][vc_column width=&#8220;2\/3&#8243;][vc_column_text]Gemeinde Aicha vorm Wald Gemeindegebiet: 20,33 km\u00b2 Streusiedlungsgemeinde mit 32 Ortsteilen Einwohner: 2450 Lage: Die Gemeinde Aicha vorm Wald (350 m) im Tal der Ohe liegt auf den [&hellip;]<\/p>\n","protected":false},"author":11,"featured_media":1201,"parent":0,"menu_order":0,"comment_status":"closed","ping_status":"closed","template":"","meta":{"footnotes":""},"class_list":["post-72","page","type-page","status-publish","has-post-thumbnail","hentry"],"_links":{"self":[{"href":"https:\/\/passauer-oberland.de\/index.php?rest_route=\/wp\/v2\/pages\/72","targetHints":{"allow":["GET"]}}],"collection":[{"href":"https:\/\/passauer-oberland.de\/index.php?rest_route=\/wp\/v2\/pages"}],"about":[{"href":"https:\/\/passauer-oberland.de\/index.php?rest_route=\/wp\/v2\/types\/page"}],"author":[{"embeddable":true,"href":"https:\/\/passauer-oberland.de\/index.php?rest_route=\/wp\/v2\/users\/11"}],"replies":[{"embeddable":true,"href":"https:\/\/passauer-oberland.de\/index.php?rest_route=%2Fwp%2Fv2%2Fcomments&post=72"}],"version-history":[{"count":34,"href":"https:\/\/passauer-oberland.de\/index.php?rest_route=\/wp\/v2\/pages\/72\/revisions"}],"predecessor-version":[{"id":4234,"href":"https:\/\/passauer-oberland.de\/index.php?rest_route=\/wp\/v2\/pages\/72\/revisions\/4234"}],"wp:featuredmedia":[{"embeddable":true,"href":"https:\/\/passauer-oberland.de\/index.php?rest_route=\/wp\/v2\/media\/1201"}],"wp:attachment":[{"href":"https:\/\/passauer-oberland.de\/index.php?rest_route=%2Fwp%2Fv2%2Fmedia&parent=72"}],"curies":[{"name":"wp","href":"https:\/\/api.w.org\/{rel}","templated":true}]}}