{"id":82,"date":"2013-06-24T08:28:27","date_gmt":"2013-06-24T06:28:27","guid":{"rendered":"https:\/\/passauer-oberland.de\/_wp\/?page_id=82"},"modified":"2024-07-01T16:31:39","modified_gmt":"2024-07-01T14:31:39","slug":"tiefenbach","status":"publish","type":"page","link":"https:\/\/passauer-oberland.de\/?page_id=82","title":{"rendered":"Tiefenbach"},"content":{"rendered":"<div class=\"wpb-content-wrapper\"><p>[vc_row][vc_column][vc_gallery type=&#8220;image_grid&#8220; images=&#8220;4262,4263,4266,4267&#8243; img_size=&#8220;medium&#8220;][vc_custom_heading text=&#8220;Gemeinde Tiefenbach&#8220; font_container=&#8220;tag:h1|text_align:center|color:%23509e2c&#8220; use_theme_fonts=&#8220;yes&#8220;][vc_empty_space][\/vc_column][\/vc_row][vc_row][vc_column width=&#8220;1\/6&#8243;][\/vc_column][vc_column width=&#8220;2\/3&#8243;][vc_column_text]<strong>Gemeinde Tiefenbach <\/strong><\/p>\n<p>Gemeindegebiet: 50 km\u00b2<br \/>\nStreusiedlungsgemeinde mit 78 Ortsteilen<br \/>\nHauptorte: Tiefenbach, Haselbach, Kirchberg vorm Wald<br \/>\nEinwohner: 6900<\/p>\n<p>&nbsp;<\/p>\n<p>Lage:<\/p>\n<p>Die Gemeinde liegt auf dem s\u00fcdlichsten Ausl\u00e4ufer des Bayerischen Waldes zwischen den drei Fl\u00fcssen Donau, Ilz und Gai\u00dfa. Die Stadt Passau ist 13 Kilometer entfernt.<\/p>\n<p>&nbsp;<\/p>\n<p>Entwicklung:<\/p>\n<p>Im heutigen Gemeindegebiet hielten sich bereits in der Altsteinzeit (100.000 v. Chr.) Menschen auf. Das belegen aktuelle Funde. Urkundlich erw\u00e4hnt wird \u201eTiuphenbach\u201c um 1190\/1200. Die eigentliche bauliche Entwicklung begann in den ehemaligen Hofmarken Haselbach, Kirchberg vorm Wald und Tiefenbach ab der Mitte des 19. Jahrhunderts. Im 20. Jahrhundert etablierte sich die Region zunehmend als stadtnahe Wohnadresse in intakter Natur. Die Gebietsreform 1972 f\u00fchrte zum Zusammenschluss von Tiefenbach, Haselbach und Kirchberg vorm Wald und zur Gro\u00dfgemeinde Tiefenbach. Die qualitativ hochwertige Weiterentwicklung der Gemeinde mit Angeboten f\u00fcr jede Generation ist seither gemeinsames Ziel.<\/p>\n<p>&nbsp;<\/p>\n<p>Charakteristik:<\/p>\n<ul>\n<li>L\u00e4ndlich gepr\u00e4gte Stadtrandgemeinde<\/li>\n<li>Attraktive Wohngemeinde mit generations\u00fcbergreifender Infrastruktur<\/li>\n<li>Wohnortvertr\u00e4glicher Wirtschaftsstandort<\/li>\n<li>Ziel der Naherholung<\/li>\n<\/ul>\n<p>&nbsp;<\/p>\n<p>Verkehrsanbindung:<\/p>\n<ul>\n<li>B 85<\/li>\n<li>Ilztalbahn Passau\u2013Waldkirchen\u2013Freyung: Haltepunkt Unterjacking<\/li>\n<\/ul>\n<p>(nur an Wochenenden und Feiertagen in den Sommermonaten)<\/p>\n<p>&nbsp;<\/p>\n<p>Wirtschaft:<\/p>\n<ul>\n<li>1200 sozialversicherungspflichtige Arbeitspl\u00e4tze in Handwerk, Handel, Gewerbe und Dienstleistung<\/li>\n<\/ul>\n<p>&nbsp;<\/p>\n<p>Bildung:<\/p>\n<ul>\n<li>Kindergarten in Tiefenbach<\/li>\n<li>Kindergarten in Haselbach<\/li>\n<li>Kindergarten in Kirchberg vorm Wald<\/li>\n<li>Grundschule Haselbach<\/li>\n<li>Grundschule Tiefenbach<\/li>\n<li>Mittelschule Kirchberg vorm Wald<\/li>\n<\/ul>\n<p>&nbsp;<\/p>\n<p>Freizeit:<\/p>\n<ul>\n<li><strong>Natur:<\/strong> Flusslandschaften der Ilz und Gai\u00dfa<\/li>\n<li><strong>Sport <\/strong>(u. a.): Wandern, Radfahren, Wassersport (Ilz und Gai\u00dfa), Freibad Haselbach, div. Sportvereine<\/li>\n<li><strong>Kultur: <\/strong>Museum Alte Schule (u. Arch\u00e4ologie)<\/li>\n<li><strong>Erlebnis:<\/strong> Kulturwochen \u201eTiefenbacher Herbststrau\u00df\u201c<\/li>\n<\/ul>\n<p>[\/vc_column_text][\/vc_column][vc_column width=&#8220;1\/6&#8243;][\/vc_column][\/vc_row][vc_row][vc_column][vc_separator border_width=&#8220;2&#8243;][vc_icon icon_fontawesome=&#8220;fas fa-user-edit&#8220; color=&#8220;green&#8220; size=&#8220;lg&#8220; align=&#8220;center&#8220;][vc_column_text]<\/p>\n<h2 style=\"text-align: center;\"><strong>Kontaktadresse<\/strong><\/h2>\n<p>[\/vc_column_text][\/vc_column][\/vc_row][vc_row][vc_column width=&#8220;2\/6&#8243;][\/vc_column][vc_column width=&#8220;2\/6&#8243;][vc_column_text]<\/p>\n<p style=\"text-align: center;\">Gemeinde Tiefenbach<strong><br \/>\n<\/strong>Pilgrimstra\u00dfe 2<br \/>\n94113 Tiefenbach<br \/>\nTel. 0 85 09\/9 00 90<br \/>\nFax 0 85 09\/90 09 50<br \/>\nE-Mail: <a href=\"mailto:info@tiefenbach.bayern.de\">info@tiefenbach.bayern.de<\/a><br \/>\nwww.gemeinde-tiefenbach.de<\/p>\n<p>[\/vc_column_text][\/vc_column][vc_column width=&#8220;2\/6&#8243;][\/vc_column][\/vc_row]<\/p><\/div>","protected":false},"excerpt":{"rendered":"<p>[vc_row][vc_column][vc_gallery type=&#8220;image_grid&#8220; images=&#8220;4262,4263,4266,4267&#8243; img_size=&#8220;medium&#8220;][vc_custom_heading text=&#8220;Gemeinde Tiefenbach&#8220; font_container=&#8220;tag:h1|text_align:center|color:%23509e2c&#8220; use_theme_fonts=&#8220;yes&#8220;][vc_empty_space][\/vc_column][\/vc_row][vc_row][vc_column width=&#8220;1\/6&#8243;][\/vc_column][vc_column width=&#8220;2\/3&#8243;][vc_column_text]Gemeinde Tiefenbach Gemeindegebiet: 50 km\u00b2 Streusiedlungsgemeinde mit 78 Ortsteilen Hauptorte: Tiefenbach, Haselbach, Kirchberg vorm Wald Einwohner: 6900 &nbsp; Lage: Die Gemeinde liegt auf dem s\u00fcdlichsten Ausl\u00e4ufer des Bayerischen Waldes zwischen den [&hellip;]<\/p>\n","protected":false},"author":11,"featured_media":1204,"parent":0,"menu_order":0,"comment_status":"closed","ping_status":"closed","template":"","meta":{"footnotes":""},"class_list":["post-82","page","type-page","status-publish","has-post-thumbnail","hentry"],"_links":{"self":[{"href":"https:\/\/passauer-oberland.de\/index.php?rest_route=\/wp\/v2\/pages\/82","targetHints":{"allow":["GET"]}}],"collection":[{"href":"https:\/\/passauer-oberland.de\/index.php?rest_route=\/wp\/v2\/pages"}],"about":[{"href":"https:\/\/passauer-oberland.de\/index.php?rest_route=\/wp\/v2\/types\/page"}],"author":[{"embeddable":true,"href":"https:\/\/passauer-oberland.de\/index.php?rest_route=\/wp\/v2\/users\/11"}],"replies":[{"embeddable":true,"href":"https:\/\/passauer-oberland.de\/index.php?rest_route=%2Fwp%2Fv2%2Fcomments&post=82"}],"version-history":[{"count":36,"href":"https:\/\/passauer-oberland.de\/index.php?rest_route=\/wp\/v2\/pages\/82\/revisions"}],"predecessor-version":[{"id":4268,"href":"https:\/\/passauer-oberland.de\/index.php?rest_route=\/wp\/v2\/pages\/82\/revisions\/4268"}],"wp:featuredmedia":[{"embeddable":true,"href":"https:\/\/passauer-oberland.de\/index.php?rest_route=\/wp\/v2\/media\/1204"}],"wp:attachment":[{"href":"https:\/\/passauer-oberland.de\/index.php?rest_route=%2Fwp%2Fv2%2Fmedia&parent=82"}],"curies":[{"name":"wp","href":"https:\/\/api.w.org\/{rel}","templated":true}]}}